{"id":65,"date":"2013-09-13T16:30:22","date_gmt":"2013-09-13T14:30:22","guid":{"rendered":"http:\/\/www.baannokkamin.ch\/?page_id=65"},"modified":"2022-12-23T19:54:33","modified_gmt":"2022-12-23T17:54:33","slug":"kontakt","status":"publish","type":"page","link":"https:\/\/www.baannokkamin.ch\/?page_id=65","title":{"rendered":"Kontakt"},"content":{"rendered":"<p>Sie erreichen uns \u00fcber folgende Kontakte:<\/p>\n<p><strong>Stefan Keller, Projektleiter<a href=\"http:\/\/www.baannokkamin.ch\/wp-content\/uploads\/Portrait-Stefan.jpg\"><img decoding=\"async\" loading=\"lazy\" class=\"wp-image-2000 alignright\" src=\"http:\/\/www.baannokkamin.ch\/wp-content\/uploads\/Portrait-Stefan-238x300.jpg\" alt=\"\" width=\"112\" height=\"139\" \/><\/a><\/strong><br \/>\nKirchfeld 10, A-6841 M\u00e4der<br \/>\n+43\/681 205 479 49, Whatsapp, SMS<br \/>\n<a href=\"mailto:Stefan.Keller@baannokkamin.ch\">Stefan.Keller@baannokkamin.ch<\/a><\/p>\n<hr \/>\n<p><strong>Hermann B\u00f6sch<\/strong>, Pr\u00e4sident<br \/>\nM\u00f6he 18, 8476 Unterstammheim<br \/>\n<a href=\"mailto:hboe@hispeed.ch\">hboe@hispeed.ch<\/a><br \/>\n+41 (0)78 656 31 43, Whatsapp, Threema, SMS<\/p>\n<p><strong>Erwin &amp; Irene Gr\u00f6bli-Schmid<\/strong>, Gr\u00fcnder und Ehrenpr\u00e4sident<br \/>\nBlumenaustr. 3, 9410 Heiden<br \/>\n<a href=\"mailto:groeblierwin@baannokkamin.ch\">groeblierwin@baannokkamin.ch<\/a><\/p>\n<p>Webmaster:\u00a0\u00a0 <a href=\"mailto:postmaster@baannokkamin.ch\">postmaster@baannokkamin.ch<\/a><\/p>\n<p><a href=\"http:\/\/www.baannokkamin.ch\/?page_id=1788\">Datenschutz und Impressum<\/a><\/p>\n","protected":false},"excerpt":{"rendered":"<p>Sie erreichen uns \u00fcber folgende Kontakte: Stefan Keller, Projektleiter Kirchfeld 10, A-6841 M\u00e4der +43\/681 205 479 49, Whatsapp, SMS Stefan.Keller@baannokkamin.ch Hermann B\u00f6sch, Pr\u00e4sident M\u00f6he 18, 8476 Unterstammheim hboe@hispeed.ch +41 (0)78 656 31 43, Whatsapp, Threema, SMS Erwin &amp; Irene Gr\u00f6bli-Schmid, &hellip; <a href=\"https:\/\/www.baannokkamin.ch\/?page_id=65\">Weiterlesen <span class=\"meta-nav\">&rarr;<\/span><\/a><\/p>\n","protected":false},"author":1,"featured_media":0,"parent":0,"menu_order":900,"comment_status":"closed","ping_status":"closed","template":"sidebar-page.php","meta":{"ngg_post_thumbnail":0,"footnotes":""},"_links":{"self":[{"href":"https:\/\/www.baannokkamin.ch\/index.php?rest_route=\/wp\/v2\/pages\/65"}],"collection":[{"href":"https:\/\/www.baannokkamin.ch\/index.php?rest_route=\/wp\/v2\/pages"}],"about":[{"href":"https:\/\/www.baannokkamin.ch\/index.php?rest_route=\/wp\/v2\/types\/page"}],"author":[{"embeddable":true,"href":"https:\/\/www.baannokkamin.ch\/index.php?rest_route=\/wp\/v2\/users\/1"}],"replies":[{"embeddable":true,"href":"https:\/\/www.baannokkamin.ch\/index.php?rest_route=%2Fwp%2Fv2%2Fcomments&post=65"}],"version-history":[{"count":18,"href":"https:\/\/www.baannokkamin.ch\/index.php?rest_route=\/wp\/v2\/pages\/65\/revisions"}],"predecessor-version":[{"id":2006,"href":"https:\/\/www.baannokkamin.ch\/index.php?rest_route=\/wp\/v2\/pages\/65\/revisions\/2006"}],"wp:attachment":[{"href":"https:\/\/www.baannokkamin.ch\/index.php?rest_route=%2Fwp%2Fv2%2Fmedia&parent=65"}],"curies":[{"name":"wp","href":"https:\/\/api.w.org\/{rel}","templated":true}]}}