{"id":6,"date":"2013-09-13T15:54:52","date_gmt":"2013-09-13T13:54:52","guid":{"rendered":"http:\/\/www.baannokkamin.ch\/?page_id=6"},"modified":"2025-01-30T16:18:22","modified_gmt":"2025-01-30T14:18:22","slug":"baan-nok-kamin","status":"publish","type":"page","link":"https:\/\/www.baannokkamin.ch\/","title":{"rendered":"Baan Nok Kamin &#8211; Haus des heimatlosen Vogels"},"content":{"rendered":"<div class=\"wp-block-image\">\n<figure class=\"alignright\"><a href=\"http:\/\/www.baannokkamin.ch\/wp-content\/uploads\/Jungs19.png\"><img decoding=\"async\" loading=\"lazy\" width=\"264\" height=\"300\" src=\"http:\/\/www.baannokkamin.ch\/wp-content\/uploads\/Jungs19-264x300.png\" alt=\"\" class=\"wp-image-1300\" srcset=\"https:\/\/www.baannokkamin.ch\/wp-content\/uploads\/Jungs19-264x300.png 264w, https:\/\/www.baannokkamin.ch\/wp-content\/uploads\/Jungs19.png 417w\" sizes=\"(max-width: 264px) 100vw, 264px\" \/><\/a><\/figure><\/div>\n\n\n<p class=\"has-text-align-left\">Baan Nok Kamin wurde 1987 gegr\u00fcndet durch&nbsp; \u00dcMG-Missionar Erwin Gr\u00f6bli. Sie ist eine in Thailand registrierte Stiftung f\u00fcr Strassenkinder und Kinder aus zerr\u00fctteten Familien. Die Kinder und Jugendlichen wachsen in thail\u00e4ndischen, christlich gef\u00fchrten Grossfamilien auf. Sie werden von ihren Hauseltern liebevoll betreut und gef\u00f6rdert, bis sie \u00fcber eine abgeschlossene Schul- oder Berufsausbildung verf\u00fcgen und in der Lage sind, ihr Leben selbst\u00e4ndig zu gestalten.<br>Das Hauptziel dieser Stiftung ist, dass Menschen in Thailand Jesus Christus als ihren pers\u00f6nlichen Herrn und Erl\u00f6ser kennenlernen.<\/p>\n\n\n\n<h1 class=\"wp-block-heading\">&nbsp;<\/h1>\n\n\n\n<h1 class=\"wp-block-heading\">Im OMF Heft: Ostasiens Millionen ist folgender Beitrag von unserem Leiter Manna Receycling Dam erschienen                  <strong><mark style=\"background-color:rgba(0, 0, 0, 0);color:#e02424\" class=\"has-inline-color\"><\/mark><\/strong><a href=\"http:\/\/www.baannokkamin.ch\/wp-content\/uploads\/Neues-Leben-durch-Recycling-Stefan-K_.pdf\">Neues Leben aus Receycling<\/a><br><br><strong><mark style=\"background-color:rgba(0, 0, 0, 0);color:#e02424\" class=\"has-inline-color\">Baan Nok Kamin Reise 2025 vom 17.-31. Januar 2025<\/mark><\/strong><\/h1>\n\n\n\n<p>aktuelle Bilder der Reise siehe Titelleiste<\/p>\n\n\n\n<figure class=\"wp-block-image size-full\"><img decoding=\"async\" loading=\"lazy\" width=\"494\" height=\"817\" src=\"http:\/\/www.baannokkamin.ch\/wp-content\/uploads\/R25.jpg\" alt=\"\" class=\"wp-image-2457\" srcset=\"https:\/\/www.baannokkamin.ch\/wp-content\/uploads\/R25.jpg 494w, https:\/\/www.baannokkamin.ch\/wp-content\/uploads\/R25-181x300.jpg 181w\" sizes=\"(max-width: 494px) 100vw, 494px\" \/><\/figure>\n\n\n\n<h2 class=\"wp-block-heading\"><\/h2>\n\n\n","protected":false},"excerpt":{"rendered":"<p>Baan Nok Kamin wurde 1987 gegr\u00fcndet durch&nbsp; \u00dcMG-Missionar Erwin Gr\u00f6bli. Sie ist eine in Thailand registrierte Stiftung f\u00fcr Strassenkinder und Kinder aus zerr\u00fctteten Familien. Die Kinder und Jugendlichen wachsen in thail\u00e4ndischen, christlich gef\u00fchrten Grossfamilien auf. Sie werden von ihren Hauseltern &hellip; <a href=\"https:\/\/www.baannokkamin.ch\/\">Weiterlesen <span class=\"meta-nav\">&rarr;<\/span><\/a><\/p>\n","protected":false},"author":1,"featured_media":1799,"parent":0,"menu_order":100,"comment_status":"closed","ping_status":"closed","template":"sidebar-page.php","meta":{"ngg_post_thumbnail":0,"footnotes":""},"_links":{"self":[{"href":"https:\/\/www.baannokkamin.ch\/index.php?rest_route=\/wp\/v2\/pages\/6"}],"collection":[{"href":"https:\/\/www.baannokkamin.ch\/index.php?rest_route=\/wp\/v2\/pages"}],"about":[{"href":"https:\/\/www.baannokkamin.ch\/index.php?rest_route=\/wp\/v2\/types\/page"}],"author":[{"embeddable":true,"href":"https:\/\/www.baannokkamin.ch\/index.php?rest_route=\/wp\/v2\/users\/1"}],"replies":[{"embeddable":true,"href":"https:\/\/www.baannokkamin.ch\/index.php?rest_route=%2Fwp%2Fv2%2Fcomments&post=6"}],"version-history":[{"count":168,"href":"https:\/\/www.baannokkamin.ch\/index.php?rest_route=\/wp\/v2\/pages\/6\/revisions"}],"predecessor-version":[{"id":2548,"href":"https:\/\/www.baannokkamin.ch\/index.php?rest_route=\/wp\/v2\/pages\/6\/revisions\/2548"}],"wp:featuredmedia":[{"embeddable":true,"href":"https:\/\/www.baannokkamin.ch\/index.php?rest_route=\/wp\/v2\/media\/1799"}],"wp:attachment":[{"href":"https:\/\/www.baannokkamin.ch\/index.php?rest_route=%2Fwp%2Fv2%2Fmedia&parent=6"}],"curies":[{"name":"wp","href":"https:\/\/api.w.org\/{rel}","templated":true}]}}