{"id":152,"date":"2013-09-13T22:30:30","date_gmt":"2013-09-13T20:30:30","guid":{"rendered":"http:\/\/www.baannokkamin.ch\/?page_id=152"},"modified":"2023-05-13T14:54:25","modified_gmt":"2023-05-13T12:54:25","slug":"praktischen-einsatz","status":"publish","type":"page","link":"https:\/\/www.baannokkamin.ch\/?page_id=152","title":{"rendered":"Praktische Eins\u00e4tze bei Baan Nok Kamin"},"content":{"rendered":"<p>Falls du an einem Einsatz Interesse hast, melde dich einfach bei mir. Meine Kontaktdaten: <br>E-Mail: <a href=\"mailto:stefan.keller@baannokkamin.ch\" target=\"_blank\" rel=\"noopener\">stefan.keller<\/a><br>Tel \/ WhatsApp: +43\/681 205 47949<br>\u00dcber einen kurzen Video-Call k\u00f6nnen wir erste Fragen kl\u00e4ren und schauen, wo dein optimales T\u00e4tigkeitsfeld sein k\u00f6nnte. Ich freue mich auf deine Kontaktaufnahme!<\/p>\n\n\n<figure class=\"wp-block-image size-large\"><img decoding=\"async\" loading=\"lazy\" width=\"1024\" height=\"643\" src=\"http:\/\/www.baannokkamin.ch\/wp-content\/uploads\/2013\/09\/04.03.001-e1683980085658-1024x643.jpg\" alt=\"\" class=\"wp-image-219\" srcset=\"https:\/\/www.baannokkamin.ch\/wp-content\/uploads\/2013\/09\/04.03.001-e1683980085658-1024x643.jpg 1024w, https:\/\/www.baannokkamin.ch\/wp-content\/uploads\/2013\/09\/04.03.001-e1683980085658-300x188.jpg 300w, https:\/\/www.baannokkamin.ch\/wp-content\/uploads\/2013\/09\/04.03.001-e1683980085658-478x300.jpg 478w, https:\/\/www.baannokkamin.ch\/wp-content\/uploads\/2013\/09\/04.03.001-e1683980085658-768x482.jpg 768w, https:\/\/www.baannokkamin.ch\/wp-content\/uploads\/2013\/09\/04.03.001-e1683980085658-1536x964.jpg 1536w, https:\/\/www.baannokkamin.ch\/wp-content\/uploads\/2013\/09\/04.03.001-e1683980085658.jpg 2000w\" sizes=\"(max-width: 1024px) 100vw, 1024px\" \/><\/figure>\n\n\n\n<p>Alle Eins\u00e4tze werden zusammen mit der Partner-Mission OMF durchgef\u00fchrt.<\/p>\n\n\n\n<p><strong>Verschiedene Einsatzm\u00f6glichkeiten stehen zur Zeit zur Auswahl<\/strong><\/p>\n\n\n\n<p>\u2022 <strong>Bangkok <\/strong>(KidsGym und Baan Nok Kamin)<br>\u2192 Vernachl\u00e4ssigte Kinder unterrichten in Englisch (Basic Communication), Musik, Sport, und mehr<br>\u2192 Zusammen mit Thai-Mitarbeitern Familien in den Slums besuchen<br>\u2192 Bei \u00d6ffentlichkeitsarbeit und Fundraising mithelfen<br>\u2192 Mit Thais und OMF-Missionaren in den Slums Kleingruppen aufbauen und Kinderprogramm abhalten (Beziehungen pflegen)<\/p>\n\n\n\n<p>\u2022 <strong>Sukothai<\/strong><br>\u2192 Mitarbeit im internen Gem\u00fcse- und Reis Anbau<br>\u2192 Kinder und BNK-Angestellte unterrichten: Englisch (Basic und intermediate Communication), Musik (ev. BNK-Band starten) und mehr<br>\u2192 Freizeitbesch\u00e4ftigung f\u00fcr die Jungs (am Abend, Wochenende und Ferien)<\/p>\n\n\n\n<p><strong>\u2022 Chiang Mai<\/strong><br>\u2192 Kinder, Jugendliche und Erwachsene unterrichten: Englisch (Basic und Intermediate Communication), Kunst und mehr<\/p>\n\n\n\n<p><strong>\u2022 Hua Hin<\/strong><br>\u2192 Kinder und Erwachsene unterrichten: Englisch (Basic und Intermediate Communication), Musik, Fussball<br>\u2192 Im G\u00e4stehaus mitarbeiten: Gartenarbeit, Zimmer putzen, Mitarbeit in der K\u00fcche, G\u00e4stebetreuung<br>\u2192 Mitarbeit in der kleinen Gemeinde<\/p>\n\n\n\n<p><strong>\u2022 \u2026und mehr<\/strong><br>\u2192 Und manchmal ergibt es sich auch, dass weitere F\u00e4higkeiten gebraucht werden k\u00f6nnen, dies jeweils nach Absprache mit Stefan<\/p>\n\n\n\n<p><strong>Was du bei einem Einsatz mitbringen solltest:<\/strong><br><span style=\"font-size:11.0pt;line-height:\n107%;font-family:Wingdings;mso-ascii-font-family:Calibri;mso-ascii-theme-font:\nminor-latin;mso-fareast-font-family:Calibri;mso-fareast-theme-font:minor-latin;\nmso-hansi-font-family:Calibri;mso-hansi-theme-font:minor-latin;mso-bidi-font-family:\n&quot;Cordia New&quot;;mso-bidi-theme-font:minor-bidi;mso-ansi-language:DE;mso-fareast-language:\nEN-US;mso-bidi-language:AR-SA;mso-char-type:symbol;mso-symbol-font-family:Wingdings\" lang=\"DE\"><span style=\"mso-char-type:symbol;mso-symbol-font-family:Wingdings\">q<\/span><\/span> Hohe Flexibilit\u00e4t und Verst\u00e4ndnis bei der Zusammenarbeit mit Menschen verschiedenen Kulturen und Hintergr\u00fcnden (hohe Teamf\u00e4higkeit)<br><span style=\"font-size:11.0pt;line-height:\n107%;font-family:Wingdings;mso-ascii-font-family:Calibri;mso-ascii-theme-font:\nminor-latin;mso-fareast-font-family:Calibri;mso-fareast-theme-font:minor-latin;\nmso-hansi-font-family:Calibri;mso-hansi-theme-font:minor-latin;mso-bidi-font-family:\n&quot;Cordia New&quot;;mso-bidi-theme-font:minor-bidi;mso-ansi-language:DE;mso-fareast-language:\nEN-US;mso-bidi-language:AR-SA;mso-char-type:symbol;mso-symbol-font-family:Wingdings\" lang=\"DE\"><span style=\"mso-char-type:symbol;mso-symbol-font-family:Wingdings\">q<\/span><\/span> Ein Herz f\u00fcr Kinder, Jugendliche und Menschen mit sozialen Problemen<br><span style=\"font-size:11.0pt;line-height:\n107%;font-family:Wingdings;mso-ascii-font-family:Calibri;mso-ascii-theme-font:\nminor-latin;mso-fareast-font-family:Calibri;mso-fareast-theme-font:minor-latin;\nmso-hansi-font-family:Calibri;mso-hansi-theme-font:minor-latin;mso-bidi-font-family:\n&quot;Cordia New&quot;;mso-bidi-theme-font:minor-bidi;mso-ansi-language:DE;mso-fareast-language:\nEN-US;mso-bidi-language:AR-SA;mso-char-type:symbol;mso-symbol-font-family:Wingdings\" lang=\"DE\"><span style=\"mso-char-type:symbol;mso-symbol-font-family:Wingdings\">q<\/span><\/span> Bereitschaft sich der Thai Kultur anzupassen und erlernen der Thai Sprache (1-2 Stunden pro Tag)<br><span style=\"font-size:11.0pt;line-height:\n107%;font-family:Wingdings;mso-ascii-font-family:Calibri;mso-ascii-theme-font:\nminor-latin;mso-fareast-font-family:Calibri;mso-fareast-theme-font:minor-latin;\nmso-hansi-font-family:Calibri;mso-hansi-theme-font:minor-latin;mso-bidi-font-family:\n&quot;Cordia New&quot;;mso-bidi-theme-font:minor-bidi;mso-ansi-language:DE;mso-fareast-language:\nEN-US;mso-bidi-language:AR-SA;mso-char-type:symbol;mso-symbol-font-family:Wingdings\" lang=\"DE\"><span style=\"mso-char-type:symbol;mso-symbol-font-family:Wingdings\">q<\/span><\/span> Einen lebendigen Glauben an Jesus Christus und die Bereitschaft, Ihm nachzufolgen<br><span style=\"font-size:11.0pt;line-height:\n107%;font-family:Wingdings;mso-ascii-font-family:Calibri;mso-ascii-theme-font:\nminor-latin;mso-fareast-font-family:Calibri;mso-fareast-theme-font:minor-latin;\nmso-hansi-font-family:Calibri;mso-hansi-theme-font:minor-latin;mso-bidi-font-family:\n&quot;Cordia New&quot;;mso-bidi-theme-font:minor-bidi;mso-ansi-language:DE;mso-fareast-language:\nEN-US;mso-bidi-language:AR-SA;mso-char-type:symbol;mso-symbol-font-family:Wingdings\" lang=\"DE\"><span style=\"mso-char-type:symbol;mso-symbol-font-family:Wingdings\">q<\/span><\/span> Keine Straftaten im Strafregister (Voraussetzung bei Arbeit mit Kindern und Jugendlichen)<br><span style=\"font-size:11.0pt;line-height:\n107%;font-family:Wingdings;mso-ascii-font-family:Calibri;mso-ascii-theme-font:\nminor-latin;mso-fareast-font-family:Calibri;mso-fareast-theme-font:minor-latin;\nmso-hansi-font-family:Calibri;mso-hansi-theme-font:minor-latin;mso-bidi-font-family:\n&quot;Cordia New&quot;;mso-bidi-theme-font:minor-bidi;mso-ansi-language:DE;mso-fareast-language:\nEN-US;mso-bidi-language:AR-SA;mso-char-type:symbol;mso-symbol-font-family:Wingdings\" lang=\"DE\"><span style=\"mso-char-type:symbol;mso-symbol-font-family:Wingdings\">q<\/span><\/span> Mindesteinsatzdauer 3 Monate bis zu mehreren Jahren<br><span style=\"font-size:11.0pt;line-height:\n107%;font-family:Wingdings;mso-ascii-font-family:Calibri;mso-ascii-theme-font:\nminor-latin;mso-fareast-font-family:Calibri;mso-fareast-theme-font:minor-latin;\nmso-hansi-font-family:Calibri;mso-hansi-theme-font:minor-latin;mso-bidi-font-family:\n&quot;Cordia New&quot;;mso-bidi-theme-font:minor-bidi;mso-ansi-language:DE;mso-fareast-language:\nEN-US;mso-bidi-language:AR-SA;mso-char-type:symbol;mso-symbol-font-family:Wingdings\" lang=\"DE\"><span style=\"mso-char-type:symbol;mso-symbol-font-family:Wingdings\">q<\/span><\/span> Kosten werden selbst getragen (Visa, Flug, Lebenskosten, \u2026)<br><span style=\"font-size:11.0pt;line-height:\n107%;font-family:Wingdings;mso-ascii-font-family:Calibri;mso-ascii-theme-font:\nminor-latin;mso-fareast-font-family:Calibri;mso-fareast-theme-font:minor-latin;\nmso-hansi-font-family:Calibri;mso-hansi-theme-font:minor-latin;mso-bidi-font-family:\n&quot;Cordia New&quot;;mso-bidi-theme-font:minor-bidi;mso-ansi-language:DE;mso-fareast-language:\nEN-US;mso-bidi-language:AR-SA;mso-char-type:symbol;mso-symbol-font-family:Wingdings\" lang=\"DE\"><span style=\"mso-char-type:symbol;mso-symbol-font-family:Wingdings\">q<\/span><\/span> F\u00e4higkeit in Englisch oder Thai zu kommunizieren<\/p>\n\n\n\n<p><strong>Nur Mut!<\/strong> Greif zum Phone und melde dich! Wir unterst\u00fctzen dich gerne, offen und ehrlich bei der Pr\u00fcfung: <strong>Ist das dein Ding?<\/strong> Deine Anfrage ist unverbindlich und ein &#8222;nein, doch nicht&#8220; wird anstandlos akzeptiert.<\/p>\n\n\n\n\n\n<div class=\"ngg-galleryoverview ngg-slideshow\"\n\t id=\"ngg-slideshow-c7125a0dacc8786c926c4991ab56d51a-6857780320\"\n     data-gallery-id=\"c7125a0dacc8786c926c4991ab56d51a\"\n     style=\"max-width: 600px; max-height: 400px;\">\n\n \t<div id=\"ngg-image-0\" class=\"ngg-gallery-slideshow-image\" style=\"height:400px\">\n\n        <a href=\"https:\/\/www.baannokkamin.ch\/wp-content\/gallery\/einsatz-geplant\/kidsgym-servasia.jpg\"\n           title=\"\"\n           data-src=\"https:\/\/www.baannokkamin.ch\/wp-content\/gallery\/einsatz-geplant\/kidsgym-servasia.jpg\"\n           data-thumbnail=\"https:\/\/www.baannokkamin.ch\/wp-content\/gallery\/einsatz-geplant\/thumbs\/thumbs_kidsgym-servasia.jpg\"\n           data-image-id=\"1\"\n           data-title=\"kidsgym-servasia\"\n           data-description=\"\"\n           class=\"ngg-fancybox\" rel=\"c7125a0dacc8786c926c4991ab56d51a\">\n\n            <img data-image-id='1'\n                 title=\"\"\n                 alt=\"kidsgym-servasia\"\n                 src=\"https:\/\/www.baannokkamin.ch\/wp-content\/gallery\/einsatz-geplant\/kidsgym-servasia.jpg\"\n                 style=\"max-height: 380px;\"\/>\n        <\/a>\n\n        <\/div> \n<div id=\"ngg-image-1\" class=\"ngg-gallery-slideshow-image\" style=\"height:400px\">\n\n        <a href=\"https:\/\/www.baannokkamin.ch\/wp-content\/gallery\/einsatz-geplant\/KidsGym-wassserpark.jpg\"\n           title=\"\"\n           data-src=\"https:\/\/www.baannokkamin.ch\/wp-content\/gallery\/einsatz-geplant\/KidsGym-wassserpark.jpg\"\n           data-thumbnail=\"https:\/\/www.baannokkamin.ch\/wp-content\/gallery\/einsatz-geplant\/thumbs\/thumbs_KidsGym-wassserpark.jpg\"\n           data-image-id=\"2\"\n           data-title=\"KidsGym-wassserpark\"\n           data-description=\"\"\n           class=\"ngg-fancybox\" rel=\"c7125a0dacc8786c926c4991ab56d51a\">\n\n            <img data-image-id='2'\n                 title=\"\"\n                 alt=\"KidsGym-wassserpark\"\n                 src=\"https:\/\/www.baannokkamin.ch\/wp-content\/gallery\/einsatz-geplant\/KidsGym-wassserpark.jpg\"\n                 style=\"max-height: 380px;\"\/>\n        <\/a>\n\n        <\/div> \n<div id=\"ngg-image-2\" class=\"ngg-gallery-slideshow-image\" style=\"height:400px\">\n\n        <a href=\"https:\/\/www.baannokkamin.ch\/wp-content\/gallery\/einsatz-geplant\/servasia2.jpg\"\n           title=\"\"\n           data-src=\"https:\/\/www.baannokkamin.ch\/wp-content\/gallery\/einsatz-geplant\/servasia2.jpg\"\n           data-thumbnail=\"https:\/\/www.baannokkamin.ch\/wp-content\/gallery\/einsatz-geplant\/thumbs\/thumbs_servasia2.jpg\"\n           data-image-id=\"3\"\n           data-title=\"servasia2\"\n           data-description=\"\"\n           class=\"ngg-fancybox\" rel=\"c7125a0dacc8786c926c4991ab56d51a\">\n\n            <img data-image-id='3'\n                 title=\"\"\n                 alt=\"servasia2\"\n                 src=\"https:\/\/www.baannokkamin.ch\/wp-content\/gallery\/einsatz-geplant\/servasia2.jpg\"\n                 style=\"max-height: 380px;\"\/>\n        <\/a>\n\n        <\/div> \n<div id=\"ngg-image-3\" class=\"ngg-gallery-slideshow-image\" style=\"height:400px\">\n\n        <a href=\"https:\/\/www.baannokkamin.ch\/wp-content\/gallery\/einsatz-geplant\/serveasia.jpg\"\n           title=\"\"\n           data-src=\"https:\/\/www.baannokkamin.ch\/wp-content\/gallery\/einsatz-geplant\/serveasia.jpg\"\n           data-thumbnail=\"https:\/\/www.baannokkamin.ch\/wp-content\/gallery\/einsatz-geplant\/thumbs\/thumbs_serveasia.jpg\"\n           data-image-id=\"4\"\n           data-title=\"serveasia\"\n           data-description=\"\"\n           class=\"ngg-fancybox\" rel=\"c7125a0dacc8786c926c4991ab56d51a\">\n\n            <img data-image-id='4'\n                 title=\"\"\n                 alt=\"serveasia\"\n                 src=\"https:\/\/www.baannokkamin.ch\/wp-content\/gallery\/einsatz-geplant\/serveasia.jpg\"\n                 style=\"max-height: 380px;\"\/>\n        <\/a>\n\n        <\/div> \n<div id=\"ngg-image-4\" class=\"ngg-gallery-slideshow-image\" style=\"height:400px\">\n\n        <a href=\"https:\/\/www.baannokkamin.ch\/wp-content\/gallery\/einsatz-geplant\/servasia4-e1683980690523.jpg\"\n           title=\"\"\n           data-src=\"https:\/\/www.baannokkamin.ch\/wp-content\/gallery\/einsatz-geplant\/servasia4-e1683980690523.jpg\"\n           data-thumbnail=\"https:\/\/www.baannokkamin.ch\/wp-content\/gallery\/einsatz-geplant\/thumbs\/thumbs_servasia4-e1683980690523.jpg\"\n           data-image-id=\"5\"\n           data-title=\"servasia4-e1683980690523\"\n           data-description=\"\"\n           class=\"ngg-fancybox\" rel=\"c7125a0dacc8786c926c4991ab56d51a\">\n\n            <img data-image-id='5'\n                 title=\"\"\n                 alt=\"servasia4-e1683980690523\"\n                 src=\"https:\/\/www.baannokkamin.ch\/wp-content\/gallery\/einsatz-geplant\/servasia4-e1683980690523.jpg\"\n                 style=\"max-height: 380px;\"\/>\n        <\/a>\n\n        <\/div> \n<div id=\"ngg-image-5\" class=\"ngg-gallery-slideshow-image\" style=\"height:400px\">\n\n        <a href=\"https:\/\/www.baannokkamin.ch\/wp-content\/gallery\/einsatz-geplant\/serveasia-1.jpg\"\n           title=\"\"\n           data-src=\"https:\/\/www.baannokkamin.ch\/wp-content\/gallery\/einsatz-geplant\/serveasia-1.jpg\"\n           data-thumbnail=\"https:\/\/www.baannokkamin.ch\/wp-content\/gallery\/einsatz-geplant\/thumbs\/thumbs_serveasia-1.jpg\"\n           data-image-id=\"6\"\n           data-title=\"serveasia-1\"\n           data-description=\"\"\n           class=\"ngg-fancybox\" rel=\"c7125a0dacc8786c926c4991ab56d51a\">\n\n            <img data-image-id='6'\n                 title=\"\"\n                 alt=\"serveasia-1\"\n                 src=\"https:\/\/www.baannokkamin.ch\/wp-content\/gallery\/einsatz-geplant\/serveasia-1.jpg\"\n                 style=\"max-height: 380px;\"\/>\n        <\/a>\n\n        <\/div> \n<div id=\"ngg-image-6\" class=\"ngg-gallery-slideshow-image\" style=\"height:400px\">\n\n        <a href=\"https:\/\/www.baannokkamin.ch\/wp-content\/gallery\/einsatz-geplant\/serveasia6.jpg\"\n           title=\"\"\n           data-src=\"https:\/\/www.baannokkamin.ch\/wp-content\/gallery\/einsatz-geplant\/serveasia6.jpg\"\n           data-thumbnail=\"https:\/\/www.baannokkamin.ch\/wp-content\/gallery\/einsatz-geplant\/thumbs\/thumbs_serveasia6.jpg\"\n           data-image-id=\"7\"\n           data-title=\"serveasia6\"\n           data-description=\"\"\n           class=\"ngg-fancybox\" rel=\"c7125a0dacc8786c926c4991ab56d51a\">\n\n            <img data-image-id='7'\n                 title=\"\"\n                 alt=\"serveasia6\"\n                 src=\"https:\/\/www.baannokkamin.ch\/wp-content\/gallery\/einsatz-geplant\/serveasia6.jpg\"\n                 style=\"max-height: 380px;\"\/>\n        <\/a>\n\n        <\/div> \n<div id=\"ngg-image-7\" class=\"ngg-gallery-slideshow-image\" style=\"height:400px\">\n\n        <a href=\"https:\/\/www.baannokkamin.ch\/wp-content\/gallery\/einsatz-geplant\/serveasia5.jpg\"\n           title=\"\"\n           data-src=\"https:\/\/www.baannokkamin.ch\/wp-content\/gallery\/einsatz-geplant\/serveasia5.jpg\"\n           data-thumbnail=\"https:\/\/www.baannokkamin.ch\/wp-content\/gallery\/einsatz-geplant\/thumbs\/thumbs_serveasia5.jpg\"\n           data-image-id=\"8\"\n           data-title=\"serveasia5\"\n           data-description=\"\"\n           class=\"ngg-fancybox\" rel=\"c7125a0dacc8786c926c4991ab56d51a\">\n\n            <img data-image-id='8'\n                 title=\"\"\n                 alt=\"serveasia5\"\n                 src=\"https:\/\/www.baannokkamin.ch\/wp-content\/gallery\/einsatz-geplant\/serveasia5.jpg\"\n                 style=\"max-height: 380px;\"\/>\n        <\/a>\n\n        <\/div> \n<div id=\"ngg-image-8\" class=\"ngg-gallery-slideshow-image\" style=\"height:400px\">\n\n        <a href=\"https:\/\/www.baannokkamin.ch\/wp-content\/gallery\/einsatz-geplant\/serveasia7.jpg\"\n           title=\"\"\n           data-src=\"https:\/\/www.baannokkamin.ch\/wp-content\/gallery\/einsatz-geplant\/serveasia7.jpg\"\n           data-thumbnail=\"https:\/\/www.baannokkamin.ch\/wp-content\/gallery\/einsatz-geplant\/thumbs\/thumbs_serveasia7.jpg\"\n           data-image-id=\"9\"\n           data-title=\"serveasia7\"\n           data-description=\"\"\n           class=\"ngg-fancybox\" rel=\"c7125a0dacc8786c926c4991ab56d51a\">\n\n            <img data-image-id='9'\n                 title=\"\"\n                 alt=\"serveasia7\"\n                 src=\"https:\/\/www.baannokkamin.ch\/wp-content\/gallery\/einsatz-geplant\/serveasia7.jpg\"\n                 style=\"max-height: 380px;\"\/>\n        <\/a>\n\n        <\/div> \n<div id=\"ngg-image-9\" class=\"ngg-gallery-slideshow-image\" style=\"height:400px\">\n\n        <a href=\"https:\/\/www.baannokkamin.ch\/wp-content\/gallery\/einsatz-geplant\/serveasia8-e1683980583891.jpg\"\n           title=\"\"\n           data-src=\"https:\/\/www.baannokkamin.ch\/wp-content\/gallery\/einsatz-geplant\/serveasia8-e1683980583891.jpg\"\n           data-thumbnail=\"https:\/\/www.baannokkamin.ch\/wp-content\/gallery\/einsatz-geplant\/thumbs\/thumbs_serveasia8-e1683980583891.jpg\"\n           data-image-id=\"10\"\n           data-title=\"serveasia8-e1683980583891\"\n           data-description=\"\"\n           class=\"ngg-fancybox\" rel=\"c7125a0dacc8786c926c4991ab56d51a\">\n\n            <img data-image-id='10'\n                 title=\"\"\n                 alt=\"serveasia8-e1683980583891\"\n                 src=\"https:\/\/www.baannokkamin.ch\/wp-content\/gallery\/einsatz-geplant\/serveasia8-e1683980583891.jpg\"\n                 style=\"max-height: 380px;\"\/>\n        <\/a>\n\n        <\/div> \n<div id=\"ngg-image-10\" class=\"ngg-gallery-slideshow-image\" style=\"height:400px\">\n\n        <a href=\"https:\/\/www.baannokkamin.ch\/wp-content\/gallery\/einsatz-geplant\/Silas-Berg.jpg\"\n           title=\"\"\n           data-src=\"https:\/\/www.baannokkamin.ch\/wp-content\/gallery\/einsatz-geplant\/Silas-Berg.jpg\"\n           data-thumbnail=\"https:\/\/www.baannokkamin.ch\/wp-content\/gallery\/einsatz-geplant\/thumbs\/thumbs_Silas-Berg.jpg\"\n           data-image-id=\"11\"\n           data-title=\"Silas-Berg\"\n           data-description=\"\"\n           class=\"ngg-fancybox\" rel=\"c7125a0dacc8786c926c4991ab56d51a\">\n\n            <img data-image-id='11'\n                 title=\"\"\n                 alt=\"Silas-Berg\"\n                 src=\"https:\/\/www.baannokkamin.ch\/wp-content\/gallery\/einsatz-geplant\/Silas-Berg.jpg\"\n                 style=\"max-height: 380px;\"\/>\n        <\/a>\n\n        <\/div> \n<div id=\"ngg-image-11\" class=\"ngg-gallery-slideshow-image\" style=\"height:400px\">\n\n        <a href=\"https:\/\/www.baannokkamin.ch\/wp-content\/gallery\/einsatz-geplant\/Silas-Piano.png\"\n           title=\"\"\n           data-src=\"https:\/\/www.baannokkamin.ch\/wp-content\/gallery\/einsatz-geplant\/Silas-Piano.png\"\n           data-thumbnail=\"https:\/\/www.baannokkamin.ch\/wp-content\/gallery\/einsatz-geplant\/thumbs\/thumbs_Silas-Piano.png\"\n           data-image-id=\"12\"\n           data-title=\"Silas-Piano\"\n           data-description=\"\"\n           class=\"ngg-fancybox\" rel=\"c7125a0dacc8786c926c4991ab56d51a\">\n\n            <img data-image-id='12'\n                 title=\"\"\n                 alt=\"Silas-Piano\"\n                 src=\"https:\/\/www.baannokkamin.ch\/wp-content\/gallery\/einsatz-geplant\/Silas-Piano.png\"\n                 style=\"max-height: 380px;\"\/>\n        <\/a>\n\n        <\/div> \n<div id=\"ngg-image-12\" class=\"ngg-gallery-slideshow-image\" style=\"height:400px\">\n\n        <a href=\"https:\/\/www.baannokkamin.ch\/wp-content\/gallery\/einsatz-geplant\/Silas-Zopf.png\"\n           title=\"\"\n           data-src=\"https:\/\/www.baannokkamin.ch\/wp-content\/gallery\/einsatz-geplant\/Silas-Zopf.png\"\n           data-thumbnail=\"https:\/\/www.baannokkamin.ch\/wp-content\/gallery\/einsatz-geplant\/thumbs\/thumbs_Silas-Zopf.png\"\n           data-image-id=\"13\"\n           data-title=\"Silas-Zopf\"\n           data-description=\"\"\n           class=\"ngg-fancybox\" rel=\"c7125a0dacc8786c926c4991ab56d51a\">\n\n            <img data-image-id='13'\n                 title=\"\"\n                 alt=\"Silas-Zopf\"\n                 src=\"https:\/\/www.baannokkamin.ch\/wp-content\/gallery\/einsatz-geplant\/Silas-Zopf.png\"\n                 style=\"max-height: 380px;\"\/>\n        <\/a>\n\n        <\/div> \n<div id=\"ngg-image-13\" class=\"ngg-gallery-slideshow-image\" style=\"height:400px\">\n\n        <a href=\"https:\/\/www.baannokkamin.ch\/wp-content\/gallery\/einsatz-geplant\/WhatsApp-Bild-2023-05-04-um-20.00.11-e1683980467150.jpg\"\n           title=\"\"\n           data-src=\"https:\/\/www.baannokkamin.ch\/wp-content\/gallery\/einsatz-geplant\/WhatsApp-Bild-2023-05-04-um-20.00.11-e1683980467150.jpg\"\n           data-thumbnail=\"https:\/\/www.baannokkamin.ch\/wp-content\/gallery\/einsatz-geplant\/thumbs\/thumbs_WhatsApp-Bild-2023-05-04-um-20.00.11-e1683980467150.jpg\"\n           data-image-id=\"14\"\n           data-title=\"WhatsApp-Bild-2023-05-04-um-20.00.11-e1683980467150\"\n           data-description=\"\"\n           class=\"ngg-fancybox\" rel=\"c7125a0dacc8786c926c4991ab56d51a\">\n\n            <img data-image-id='14'\n                 title=\"\"\n                 alt=\"WhatsApp-Bild-2023-05-04-um-20.00.11-e1683980467150\"\n                 src=\"https:\/\/www.baannokkamin.ch\/wp-content\/gallery\/einsatz-geplant\/WhatsApp-Bild-2023-05-04-um-20.00.11-e1683980467150.jpg\"\n                 style=\"max-height: 380px;\"\/>\n        <\/a>\n\n        <\/div> \n<\/div>\n\n\n\t\t<!-- Thumbnails Link -->\n\t<div class=\"slideshowlink\" style=\"max-width: 600px;\">\n        <a href='https:\/\/www.baannokkamin.ch\/index.php\/nggallery\/thumbnails?page_id=152'>[Show thumbnails]<\/a>\n\t<\/div>\n\n\n","protected":false},"excerpt":{"rendered":"<p>Falls du an einem Einsatz Interesse hast, melde dich einfach bei mir. Meine Kontaktdaten: E-Mail: stefan.kellerTel \/ WhatsApp: +43\/681 205 47949\u00dcber einen kurzen Video-Call k\u00f6nnen wir erste Fragen kl\u00e4ren und schauen, wo dein optimales T\u00e4tigkeitsfeld sein k\u00f6nnte. Ich freue mich &hellip; <a href=\"https:\/\/www.baannokkamin.ch\/?page_id=152\">Weiterlesen <span class=\"meta-nav\">&rarr;<\/span><\/a><\/p>\n","protected":false},"author":1,"featured_media":0,"parent":61,"menu_order":730,"comment_status":"closed","ping_status":"closed","template":"sidebar-page.php","meta":{"ngg_post_thumbnail":0,"footnotes":""},"_links":{"self":[{"href":"https:\/\/www.baannokkamin.ch\/index.php?rest_route=\/wp\/v2\/pages\/152"}],"collection":[{"href":"https:\/\/www.baannokkamin.ch\/index.php?rest_route=\/wp\/v2\/pages"}],"about":[{"href":"https:\/\/www.baannokkamin.ch\/index.php?rest_route=\/wp\/v2\/types\/page"}],"author":[{"embeddable":true,"href":"https:\/\/www.baannokkamin.ch\/index.php?rest_route=\/wp\/v2\/users\/1"}],"replies":[{"embeddable":true,"href":"https:\/\/www.baannokkamin.ch\/index.php?rest_route=%2Fwp%2Fv2%2Fcomments&post=152"}],"version-history":[{"count":18,"href":"https:\/\/www.baannokkamin.ch\/index.php?rest_route=\/wp\/v2\/pages\/152\/revisions"}],"predecessor-version":[{"id":2330,"href":"https:\/\/www.baannokkamin.ch\/index.php?rest_route=\/wp\/v2\/pages\/152\/revisions\/2330"}],"up":[{"embeddable":true,"href":"https:\/\/www.baannokkamin.ch\/index.php?rest_route=\/wp\/v2\/pages\/61"}],"wp:attachment":[{"href":"https:\/\/www.baannokkamin.ch\/index.php?rest_route=%2Fwp%2Fv2%2Fmedia&parent=152"}],"curies":[{"name":"wp","href":"https:\/\/api.w.org\/{rel}","templated":true}]}}