{"id":148,"date":"2013-09-13T22:25:49","date_gmt":"2013-09-13T20:25:49","guid":{"rendered":"http:\/\/www.baannokkamin.ch\/?page_id=148"},"modified":"2023-05-17T09:23:28","modified_gmt":"2023-05-17T07:23:28","slug":"gebet","status":"publish","type":"page","link":"https:\/\/www.baannokkamin.ch\/?page_id=148","title":{"rendered":"Gebet"},"content":{"rendered":"\n<p>M\u00f6chten Sie f\u00fcr unsere Arbeit beten? Aktuelle Infos und Gebetsanliegen sind erh\u00e4ltlich als <strong>Gebetsbrief<\/strong> (2-monatlich) und den <strong>Jahresbericht <\/strong>(j\u00e4hrlich).<\/p>\n\n\n\n<p>Sie k\u00f6nnen diese Informationen direkt per E_Mail bestellen bei Hermann B\u00f6sch <a href=\"mailto:hboe@hispeed.ch\">hboe@hispeed.ch<\/a><\/p>\n","protected":false},"excerpt":{"rendered":"<p>M\u00f6chten Sie f\u00fcr unsere Arbeit beten? Aktuelle Infos und Gebetsanliegen sind erh\u00e4ltlich als Gebetsbrief (2-monatlich) und den Jahresbericht (j\u00e4hrlich). Sie k\u00f6nnen diese Informationen direkt per E_Mail bestellen bei Hermann B\u00f6sch hboe@hispeed.ch<\/p>\n","protected":false},"author":1,"featured_media":0,"parent":61,"menu_order":710,"comment_status":"closed","ping_status":"closed","template":"sidebar-page.php","meta":{"ngg_post_thumbnail":0,"footnotes":""},"_links":{"self":[{"href":"https:\/\/www.baannokkamin.ch\/index.php?rest_route=\/wp\/v2\/pages\/148"}],"collection":[{"href":"https:\/\/www.baannokkamin.ch\/index.php?rest_route=\/wp\/v2\/pages"}],"about":[{"href":"https:\/\/www.baannokkamin.ch\/index.php?rest_route=\/wp\/v2\/types\/page"}],"author":[{"embeddable":true,"href":"https:\/\/www.baannokkamin.ch\/index.php?rest_route=\/wp\/v2\/users\/1"}],"replies":[{"embeddable":true,"href":"https:\/\/www.baannokkamin.ch\/index.php?rest_route=%2Fwp%2Fv2%2Fcomments&post=148"}],"version-history":[{"count":12,"href":"https:\/\/www.baannokkamin.ch\/index.php?rest_route=\/wp\/v2\/pages\/148\/revisions"}],"predecessor-version":[{"id":2371,"href":"https:\/\/www.baannokkamin.ch\/index.php?rest_route=\/wp\/v2\/pages\/148\/revisions\/2371"}],"up":[{"embeddable":true,"href":"https:\/\/www.baannokkamin.ch\/index.php?rest_route=\/wp\/v2\/pages\/61"}],"wp:attachment":[{"href":"https:\/\/www.baannokkamin.ch\/index.php?rest_route=%2Fwp%2Fv2%2Fmedia&parent=148"}],"curies":[{"name":"wp","href":"https:\/\/api.w.org\/{rel}","templated":true}]}}